(18 - -3)/3 - 1050/(-35)?
7
Let n(c) = -7*c - 22. Let k be n(-7). Suppose 2*l - 4*g - 64 = 0, -5*g - 158 + k = -4*l. What is the tens digit of l?
3
Let t be (36/(-21))/(-1*(-2)/(-7)). Suppose t + 362 = 4*q. What is the units digit of q?
2
Let m = -4545 - -6433. What is the units digit of m?
8
Suppose 2*v - 2431 = -5*j, -20*v + 4874 = -16*v - 2*j. What is the hundreds digit of v?
2
Let v = -12 + 17. Suppose -2*l - 248 = -4*p - 0*p, -2*p - v*l = -100. What is the units digit of p?
0
Suppose -69*m + 2885 = 5*b - 64*m, -3*m + 1157 = 2*b. What is the hundreds digit of b?
5
Let p = -13 - -6. Let a(o) be the first derivative of -o**2/2 + 3*o - 200. What is the units digit of a(p)?
0
Let c(a) = -a**3 + 9*a**2 - 2*a + 18. Let z be c(9). Suppose 0 = -3*i - 4*d + 379 - 64, z = i - d - 105. What is the units digit of i?
5
What is the units digit of (-104240)/(-220) + 2/11?
4
Let o(q) = -q**2 - 5*q + 2. Let c be o(-5). Suppose 13 = c*f + 5. Suppose -4*n + 124 = 4*s, 0 = -2*n + f*s - 0*s + 68. What is the tens digit of n?
3
Let r = 391 - 233. What is the hundreds digit of r?
1
What is the tens digit of (187056/405 - (-2)/15) + 5?
6
Let p be 363/(-12) - 1/(-4). Let w be 12/p*(-1 + 11). What is the tens digit of (-1)/2 - 118/w?
2
Let l(h) = -h - 344. Let c be l(0). Let s be c/48 + 2/12. What is the tens digit of s - -3 - -47 - 4?
3
Let r(h) = 3*h**2 + 6*h + 24. Let q be r(7). Suppose 62 + 294 = 5*y - 3*t, -3*y = -2*t - q. What is the units digit of y?
3
Let u(d) = -8*d**2 - 3*d - 4. Let o be u(-1). Let c(s) = -s**3 - 7*s**2 + 9*s - 17. What is the units digit of c(o)?
4
Let t = -33 - -49. Let a(p) = -2*p**2 - 6*p + 5. Let v be a(-4). Let x = t + v. What is the units digit of x?
3
Suppose 0 = 3*x + 1 - 7. Suppose 5*d - l - 65 = -0*l, -x*l = 0. Let b = -4 + d. What is the units digit of b?
9
Let h = 6 - 6. Suppose 5*w - 17 = 8. Suppose h*k - 40 = -w*k. What is the units digit of k?
8
Suppose 10 = 5*i, 2*i - 4 = -a + 6. Suppose -34*m + 35*m - 12 = -y, 5*y = 0. Suppose -5*g + 4*p = a - 33, -3*p - m = -g. What is the units digit of g?
3
Let r(s) = -527*s + 2. What is the tens digit of r(-1)?
2
Let f(o) be the first derivative of -106*o**3/3 - 5*o**2 - 7. Let h(z) = -35*z**2 - 3*z. Let d(x) = 2*f(x) - 7*h(x). What is the units digit of d(1)?
4
Let h(j) = -j + 1. Let v(b) = 10*b**2 - 11*b + 8. Let f(i) = -6*h(i) + v(i). What is the units digit of f(2)?
2
Suppose -785 + 185 = -5*d. Let y = d + -77. What is the tens digit of y?
4
Let v be (-16)/4 - (-89 + -3). What is the tens digit of v/6 + (-6)/(-18)?
1
Let r be (-500)/18 - 12/54. Let a = r - -61. What is the units digit of a?
3
Let a(v) = v**2 + 7*v + 9. Let p be a(-6). Suppose p*b = 6*b - 135. What is the units digit of b?
5
Suppose 2*d - 8 = -2*d. Suppose 0 = -3*g - 2*u + 135 + 230, 4*g - d*u - 496 = 0. What is the tens digit of g?
2
Let o(h) = -35*h + 7. Let v(t) = -t + 1. Let a(d) = -o(d) + 6*v(d). What is the tens digit of a(4)?
1
Let n(u) = u**2 + 2*u - 3. Suppose -4*q + 13 = 1. Suppose 4*g + 4*x = -16, -2*g - q = 3*x + 4. What is the units digit of n(g)?
2
Let t be ((-33)/6 + -1)*2. Let z(s) = 2*s**2 - 31*s + 6. Let b(q) = q**2 - 15*q + 3. Let c(n) = t*b(n) + 6*z(n). What is the units digit of c(7)?
1
What is the units digit of -2 - (16/(-4) - 1813)?
5
What is the thousands digit of 2737 + -5*(-10 - -9)?
2
Suppose 5*r - 1347 - 43 = 0. What is the hundreds digit of r?
2
Let q be -3*8/(-4) + -2. Suppose q*n - 1 = 3. What is the units digit of n?
1
Let m = 11 - -46. Let n = 182 + m. What is the hundreds digit of n?
2
Let j(n) = 26*n**2 - 5. What is the tens digit of j(-3)?
2
Suppose -5*l = 3*z - 501, -32*z = -2*l - 31*z + 196. What is the tens digit of l?
9
What is the tens digit of (-2253)/(-4) - (-9)/12?
6
Suppose d - 13 = -3*w, -w = -4*w - 5*d + 29. Suppose 108 = -2*n + w*n. What is the units digit of n?
8
Suppose 0 = 4*c + c + 5. Let l be (-26)/4*c*2. Suppose -l = -2*d + 9. What is the tens digit of d?
1
Let n(h) = -3*h - 9 + 13 + 6*h. What is the units digit of n(7)?
5
Suppose -2*t = j + 2*t + 30, 0 = 2*j - t + 105. Suppose -h + 22 = 98. Let x = j - h. What is the tens digit of x?
2
Let i(k) = 126*k**3 + k**2 - 1. Let p be i(-1). Let z = -97 - p. What is the tens digit of z?
2
Let s(l) = 379*l**2 - 1. Let o be s(1). Suppose 5*i - o = -123. What is the units digit of i?
1
Suppose 1295 = 2*b - 2*k - 2871, 0 = -b + 2*k + 2078. What is the thousands digit of b?
2
Let i(g) = -149*g**2 - 1. Let x be i(1). Let n = x - -215. What is the units digit of n?
5
Let t be (-38 + 8)/(3/(-2)). Suppose -4*y = -4*f - t, -5*y + 11 = -3*y - 3*f. Suppose -5*o + y*o = -5. What is the units digit of o?
5
Let f(o) = -288*o + 15. What is the hundreds digit of f(-1)?
3
Suppose -b + z = -0*b - 556, 4*b - 2232 = -4*z. What is the hundreds digit of b?
5
Suppose 2*n - 728 - 608 = 0. What is the hundreds digit of n?
6
Suppose -12*c - 15 = -17*c. Suppose 4*j + c*y - 733 = 0, -4*j = -5*y - 107 - 666. What is the hundreds digit of j?
1
Let o be 1/(-2*(-1)/8). Suppose 0 = -o*g + 2*u + 30, 33 = -g + 6*g - 4*u. Suppose g*p = 4*p + 160. What is the units digit of p?
2
Suppose 5 = -2*w + 97. Let q = w - 9. What is the units digit of q?
7
Suppose -5*i + 214 = -i - s, -5*s - 152 = -3*i. Let a = i - 42. What is the tens digit of a?
1
Let f = 15 + -13. Suppose u = f + 2. Suppose -5*m + 154 = u*p, -p + 57 = 3*m - 34. What is the tens digit of m?
3
Suppose -2869 = -5*g + 3321. What is the units digit of g?
8
Let d = 3 + 2. Suppose -9 = -3*y, 0*u - 5*u = d*y - 55. Suppose u*h - 3*h = 395. What is the tens digit of h?
7
What is the units digit of (-31254)/(-42) - 10/70?
4
Let k(x) = -x + 2. Let v(r) = -r**3 - 4*r**2 - r - 2. Let m be v(-4). Let i be k(m). What is the units digit of (1 + i)*(9 + 3)?
2
Suppose 0 = 94*o + 9989 - 88103. What is the units digit of o?
1
Suppose 0 = -4*p + 7*p - 12. What is the units digit of (9/6)/(p/328)?
3
Suppose -6 = -2*q + 4. Suppose q*o = -0*o + 665. What is the units digit of o?
3
Suppose -2 = 3*t + 1. What is the tens digit of (t - 22/(-4))/(12/264)?
9
Let t = -18 - -20. Suppose -3*a + 5*n = -177, 4*n = -4*a + t*a + 96. Suppose 0 = 3*q - 63 - a. What is the units digit of q?
9
Suppose -2711*j = -2713*j + 8224. What is the tens digit of j?
1
Let w be 12/(52/16 + -3). Suppose -w = -12*q + 96. What is the units digit of q?
2
Let n(r) = -36*r**2 + 2*r + 2. Let j be n(-1). Let m = 0 - j. What is the units digit of m?
6
Suppose -144 = 2*h - 32. Suppose 0*c = 2*x + c + 29, 3*c = 5*x + 56. Let u = x - h. What is the tens digit of u?
4
Let l = -96 - -96. Suppose s - 2*j - 178 - 34 = 0, 4*s + 5*j - 822 = l. What is the hundreds digit of s?
2
Suppose 6*j = j + f + 80, 4*j = 5*f + 85. Let d be -1*j*120/(-75). Suppose -5*a + d = -a. What is the units digit of a?
6
Let c = -1552 - -2422. What is the units digit of c?
0
What is the tens digit of 56298/132 - 2/(-4)?
2
What is the hundreds digit of -1095*(-3)/(-45)*-5?
3
Suppose 4*h + 10 = 2*m + 32, -3*m - 12 = h. Suppose -3*u + 9 = 3, 4*g - 210 = -h*u. What is the tens digit of g?
5
Let r(m) = -m**3 + 3*m**2 + 4. Let l be r(3). What is the hundreds digit of (2 - -528)*(1 - 2/l)?
2
Let z be (-59878)/(-117) - (7/9 - 1). Suppose 5*l - z - 113 = 0. What is the hundreds digit of l?
1
Let t be 1184/120*3*(-15)/6. Suppose 0*j + 22 = -2*j. Let l = j - t. What is the units digit of l?
3
Let g(t) = 3*t - 1. Let x be g(2). Let f(d) = d**3 - 3*d**2 - 3*d - 7. Let z be f(x). Suppose 33 = 4*c + p, -2*c = c + 4*p - z. What is the units digit of c?
8
Suppose 0 = 4*g + 12, -3*g = 2*n - 253. What is the tens digit of n?
3
Suppose -2*i + h = 2*i - 2, 0 = 3*i - 3*h - 6. Let q = i - -41. Suppose m + 3*m + 5*l = 185, 3*l - q = -m. What is the tens digit of m?
5
What is the thousands digit of ((-12)/(-3) - 486)*9/(-2)?
2
Suppose -826 - 1984 = -5*b. What is the hundreds digit of b?
5
Suppose 4*m = h + 47, -3*m + 0*m - h = -44. Suppose 0 = -3*d - 7 + 82. Let l = d - m. What is the units digit of l?
2
Let q = -13 - -5. Let m = q + 10. What is the units digit of 31/m*(-12)/(-6)?
1
Let t(j) = 2*j**2 - 13*j + 41. What is the units digit of t(4)?
1
Suppose 0 = 49*v - 45*v - 20. Suppose w - 4*x + 183 = 4*w, 2*w = v*x + 99. What is the tens digit of w?
5
Let z(o) = o**2 + 3*o + 15. Let h be 465/(-62)*4/6. What